{"id":15,"date":"2023-08-02T21:56:57","date_gmt":"2023-08-02T19:56:57","guid":{"rendered":"https:\/\/missioncelte.fr\/?page_id=15"},"modified":"2023-08-04T12:50:05","modified_gmt":"2023-08-04T10:50:05","slug":"monseigneur-barthelemy","status":"publish","type":"page","link":"https:\/\/missioncelte.fr\/?page_id=15","title":{"rendered":"Monseigneur Barth\u00e9lemy"},"content":{"rendered":"\n<div style=\"height:100px\" aria-hidden=\"true\" class=\"wp-block-spacer\"><\/div>\n\n\n\n<h3 class=\"wp-block-heading\"><strong>\u00c9v\u00eaque recteur<\/strong><\/h3>\n\n\n\n<figure class=\"wp-block-image alignleft size-full\"><img loading=\"lazy\" decoding=\"async\" width=\"240\" height=\"320\" src=\"http:\/\/missioncelte.fr\/wp-content\/uploads\/2023\/08\/1630106022100.jpg\" alt=\"\" class=\"wp-image-72\" srcset=\"https:\/\/missioncelte.fr\/wp-content\/uploads\/2023\/08\/1630106022100.jpg 240w, https:\/\/missioncelte.fr\/wp-content\/uploads\/2023\/08\/1630106022100-225x300.jpg 225w\" sizes=\"auto, (max-width: 240px) 100vw, 240px\" \/><\/figure>\n\n\n\n<p>Monseigneur Barth\u00e9lemy n\u00e9 le 19 novembre 1962 \u00e0 Bordeaux, tr\u00e8s t\u00f4t il est attir\u00e9 par les sciences mystiques et \u00e9sot\u00e9riques, mais avec le temps il comprend que cela ne m\u00e8ne qu\u2019\u00e0 des impasses.<\/p>\n\n\n\n<p>C\u2019est alors que la providence le met sur la voie sacerdotale, voie qui le nourrit et l\u2019enrichie spirituellement.<\/p>\n\n\n\n<p>Il int\u00e8gre la Fraternit\u00e9 \u00c9piscopale \u0152cum\u00e9nique Internationale ( FEOI), o\u00f9 il ach\u00e8ve sa formation et re\u00e7oit les Ordres avant d\u2019\u00eatre sacr\u00e9 \u00e9v\u00eaque le 12 septembre 2020<\/p>\n\n\n\n<p>Il fonde la mission Celte Gallicane, Sainte Brigitte de Kildare pour la Nouvelle Aquitaine<\/p>\n","protected":false},"excerpt":{"rendered":"<p>\u00c9v\u00eaque recteur Monseigneur Barth\u00e9lemy n\u00e9 le 19 novembre 1962 \u00e0 Bordeaux, tr\u00e8s t\u00f4t il est attir\u00e9 par les sciences mystiques et \u00e9sot\u00e9riques, mais avec le temps il comprend que cela ne m\u00e8ne qu\u2019\u00e0 des impasses. C\u2019est alors que la providence le met sur la voie sacerdotale, voie qui le nourrit et l\u2019enrichie spirituellement. Il int\u00e8gre [&hellip;]<\/p>\n","protected":false},"author":1,"featured_media":0,"parent":0,"menu_order":2,"comment_status":"closed","ping_status":"closed","template":"","meta":{"om_disable_all_campaigns":false,"_monsterinsights_skip_tracking":false,"_monsterinsights_sitenote_active":false,"_monsterinsights_sitenote_note":"","_monsterinsights_sitenote_category":0,"_uf_show_specific_survey":0,"_uf_disable_surveys":false,"iawp_total_views":310,"footnotes":""},"class_list":["post-15","page","type-page","status-publish","hentry"],"blocksy_meta":[],"aioseo_notices":[],"yoast_head":"<!-- This site is optimized with the Yoast SEO plugin v26.8 - https:\/\/yoast.com\/product\/yoast-seo-wordpress\/ -->\n<title>Monseigneur Barth\u00e9lemy - missioncelte.fr<\/title>\n<meta name=\"robots\" content=\"index, follow, max-snippet:-1, max-image-preview:large, max-video-preview:-1\" \/>\n<link rel=\"canonical\" href=\"https:\/\/missioncelte.fr\/?page_id=15\" \/>\n<meta property=\"og:locale\" content=\"fr_FR\" \/>\n<meta property=\"og:type\" content=\"article\" \/>\n<meta property=\"og:title\" content=\"Monseigneur Barth\u00e9lemy - missioncelte.fr\" \/>\n<meta property=\"og:description\" content=\"\u00c9v\u00eaque recteur Monseigneur Barth\u00e9lemy n\u00e9 le 19 novembre 1962 \u00e0 Bordeaux, tr\u00e8s t\u00f4t il est attir\u00e9 par les sciences mystiques et \u00e9sot\u00e9riques, mais avec le temps il comprend que cela ne m\u00e8ne qu\u2019\u00e0 des impasses. C\u2019est alors que la providence le met sur la voie sacerdotale, voie qui le nourrit et l\u2019enrichie spirituellement. Il int\u00e8gre [&hellip;]\" \/>\n<meta property=\"og:url\" content=\"https:\/\/missioncelte.fr\/?page_id=15\" \/>\n<meta property=\"og:site_name\" content=\"missioncelte.fr\" \/>\n<meta property=\"article:publisher\" content=\"https:\/\/www.facebook.com\/frere.barthelemy.9\" \/>\n<meta property=\"article:modified_time\" content=\"2023-08-04T10:50:05+00:00\" \/>\n<meta property=\"og:image\" content=\"http:\/\/missioncelte.fr\/wp-content\/uploads\/2023\/08\/1630106022100.jpg\" \/>\n<meta name=\"twitter:card\" content=\"summary_large_image\" \/>\n<meta name=\"twitter:label1\" content=\"Dur\u00e9e de lecture estim\u00e9e\" \/>\n\t<meta name=\"twitter:data1\" content=\"1 minute\" \/>\n<script type=\"application\/ld+json\" class=\"yoast-schema-graph\">{\"@context\":\"https:\/\/schema.org\",\"@graph\":[{\"@type\":\"WebPage\",\"@id\":\"https:\/\/missioncelte.fr\/?page_id=15\",\"url\":\"https:\/\/missioncelte.fr\/?page_id=15\",\"name\":\"Monseigneur Barth\u00e9lemy - missioncelte.fr\",\"isPartOf\":{\"@id\":\"https:\/\/missioncelte.fr\/#website\"},\"primaryImageOfPage\":{\"@id\":\"https:\/\/missioncelte.fr\/?page_id=15#primaryimage\"},\"image\":{\"@id\":\"https:\/\/missioncelte.fr\/?page_id=15#primaryimage\"},\"thumbnailUrl\":\"http:\/\/missioncelte.fr\/wp-content\/uploads\/2023\/08\/1630106022100.jpg\",\"datePublished\":\"2023-08-02T19:56:57+00:00\",\"dateModified\":\"2023-08-04T10:50:05+00:00\",\"breadcrumb\":{\"@id\":\"https:\/\/missioncelte.fr\/?page_id=15#breadcrumb\"},\"inLanguage\":\"fr-FR\",\"potentialAction\":[{\"@type\":\"ReadAction\",\"target\":[\"https:\/\/missioncelte.fr\/?page_id=15\"]}]},{\"@type\":\"ImageObject\",\"inLanguage\":\"fr-FR\",\"@id\":\"https:\/\/missioncelte.fr\/?page_id=15#primaryimage\",\"url\":\"http:\/\/missioncelte.fr\/wp-content\/uploads\/2023\/08\/1630106022100.jpg\",\"contentUrl\":\"http:\/\/missioncelte.fr\/wp-content\/uploads\/2023\/08\/1630106022100.jpg\"},{\"@type\":\"BreadcrumbList\",\"@id\":\"https:\/\/missioncelte.fr\/?page_id=15#breadcrumb\",\"itemListElement\":[{\"@type\":\"ListItem\",\"position\":1,\"name\":\"Accueil\",\"item\":\"https:\/\/missioncelte.fr\/\"},{\"@type\":\"ListItem\",\"position\":2,\"name\":\"Monseigneur Barth\u00e9lemy\"}]},{\"@type\":\"WebSite\",\"@id\":\"https:\/\/missioncelte.fr\/#website\",\"url\":\"https:\/\/missioncelte.fr\/\",\"name\":\"missioncelte.fr\",\"description\":\"\",\"publisher\":{\"@id\":\"https:\/\/missioncelte.fr\/#organization\"},\"potentialAction\":[{\"@type\":\"SearchAction\",\"target\":{\"@type\":\"EntryPoint\",\"urlTemplate\":\"https:\/\/missioncelte.fr\/?s={search_term_string}\"},\"query-input\":{\"@type\":\"PropertyValueSpecification\",\"valueRequired\":true,\"valueName\":\"search_term_string\"}}],\"inLanguage\":\"fr-FR\"},{\"@type\":\"Organization\",\"@id\":\"https:\/\/missioncelte.fr\/#organization\",\"name\":\"missioncelte.fr\",\"url\":\"https:\/\/missioncelte.fr\/\",\"logo\":{\"@type\":\"ImageObject\",\"inLanguage\":\"fr-FR\",\"@id\":\"https:\/\/missioncelte.fr\/#\/schema\/logo\/image\/\",\"url\":\"https:\/\/missioncelte.fr\/wp-content\/uploads\/2023\/08\/poisson.png\",\"contentUrl\":\"https:\/\/missioncelte.fr\/wp-content\/uploads\/2023\/08\/poisson.png\",\"width\":1600,\"height\":632,\"caption\":\"missioncelte.fr\"},\"image\":{\"@id\":\"https:\/\/missioncelte.fr\/#\/schema\/logo\/image\/\"},\"sameAs\":[\"https:\/\/www.facebook.com\/frere.barthelemy.9\",\"https:\/\/www.facebook.com\/profile.php?id=100085429027200\"]}]}<\/script>\n<!-- \/ Yoast SEO plugin. -->","yoast_head_json":{"title":"Monseigneur Barth\u00e9lemy - missioncelte.fr","robots":{"index":"index","follow":"follow","max-snippet":"max-snippet:-1","max-image-preview":"max-image-preview:large","max-video-preview":"max-video-preview:-1"},"canonical":"https:\/\/missioncelte.fr\/?page_id=15","og_locale":"fr_FR","og_type":"article","og_title":"Monseigneur Barth\u00e9lemy - missioncelte.fr","og_description":"\u00c9v\u00eaque recteur Monseigneur Barth\u00e9lemy n\u00e9 le 19 novembre 1962 \u00e0 Bordeaux, tr\u00e8s t\u00f4t il est attir\u00e9 par les sciences mystiques et \u00e9sot\u00e9riques, mais avec le temps il comprend que cela ne m\u00e8ne qu\u2019\u00e0 des impasses. C\u2019est alors que la providence le met sur la voie sacerdotale, voie qui le nourrit et l\u2019enrichie spirituellement. Il int\u00e8gre [&hellip;]","og_url":"https:\/\/missioncelte.fr\/?page_id=15","og_site_name":"missioncelte.fr","article_publisher":"https:\/\/www.facebook.com\/frere.barthelemy.9","article_modified_time":"2023-08-04T10:50:05+00:00","og_image":[{"url":"http:\/\/missioncelte.fr\/wp-content\/uploads\/2023\/08\/1630106022100.jpg","type":"","width":"","height":""}],"twitter_card":"summary_large_image","twitter_misc":{"Dur\u00e9e de lecture estim\u00e9e":"1 minute"},"schema":{"@context":"https:\/\/schema.org","@graph":[{"@type":"WebPage","@id":"https:\/\/missioncelte.fr\/?page_id=15","url":"https:\/\/missioncelte.fr\/?page_id=15","name":"Monseigneur Barth\u00e9lemy - missioncelte.fr","isPartOf":{"@id":"https:\/\/missioncelte.fr\/#website"},"primaryImageOfPage":{"@id":"https:\/\/missioncelte.fr\/?page_id=15#primaryimage"},"image":{"@id":"https:\/\/missioncelte.fr\/?page_id=15#primaryimage"},"thumbnailUrl":"http:\/\/missioncelte.fr\/wp-content\/uploads\/2023\/08\/1630106022100.jpg","datePublished":"2023-08-02T19:56:57+00:00","dateModified":"2023-08-04T10:50:05+00:00","breadcrumb":{"@id":"https:\/\/missioncelte.fr\/?page_id=15#breadcrumb"},"inLanguage":"fr-FR","potentialAction":[{"@type":"ReadAction","target":["https:\/\/missioncelte.fr\/?page_id=15"]}]},{"@type":"ImageObject","inLanguage":"fr-FR","@id":"https:\/\/missioncelte.fr\/?page_id=15#primaryimage","url":"http:\/\/missioncelte.fr\/wp-content\/uploads\/2023\/08\/1630106022100.jpg","contentUrl":"http:\/\/missioncelte.fr\/wp-content\/uploads\/2023\/08\/1630106022100.jpg"},{"@type":"BreadcrumbList","@id":"https:\/\/missioncelte.fr\/?page_id=15#breadcrumb","itemListElement":[{"@type":"ListItem","position":1,"name":"Accueil","item":"https:\/\/missioncelte.fr\/"},{"@type":"ListItem","position":2,"name":"Monseigneur Barth\u00e9lemy"}]},{"@type":"WebSite","@id":"https:\/\/missioncelte.fr\/#website","url":"https:\/\/missioncelte.fr\/","name":"missioncelte.fr","description":"","publisher":{"@id":"https:\/\/missioncelte.fr\/#organization"},"potentialAction":[{"@type":"SearchAction","target":{"@type":"EntryPoint","urlTemplate":"https:\/\/missioncelte.fr\/?s={search_term_string}"},"query-input":{"@type":"PropertyValueSpecification","valueRequired":true,"valueName":"search_term_string"}}],"inLanguage":"fr-FR"},{"@type":"Organization","@id":"https:\/\/missioncelte.fr\/#organization","name":"missioncelte.fr","url":"https:\/\/missioncelte.fr\/","logo":{"@type":"ImageObject","inLanguage":"fr-FR","@id":"https:\/\/missioncelte.fr\/#\/schema\/logo\/image\/","url":"https:\/\/missioncelte.fr\/wp-content\/uploads\/2023\/08\/poisson.png","contentUrl":"https:\/\/missioncelte.fr\/wp-content\/uploads\/2023\/08\/poisson.png","width":1600,"height":632,"caption":"missioncelte.fr"},"image":{"@id":"https:\/\/missioncelte.fr\/#\/schema\/logo\/image\/"},"sameAs":["https:\/\/www.facebook.com\/frere.barthelemy.9","https:\/\/www.facebook.com\/profile.php?id=100085429027200"]}]}},"_links":{"self":[{"href":"https:\/\/missioncelte.fr\/index.php?rest_route=\/wp\/v2\/pages\/15","targetHints":{"allow":["GET"]}}],"collection":[{"href":"https:\/\/missioncelte.fr\/index.php?rest_route=\/wp\/v2\/pages"}],"about":[{"href":"https:\/\/missioncelte.fr\/index.php?rest_route=\/wp\/v2\/types\/page"}],"author":[{"embeddable":true,"href":"https:\/\/missioncelte.fr\/index.php?rest_route=\/wp\/v2\/users\/1"}],"replies":[{"embeddable":true,"href":"https:\/\/missioncelte.fr\/index.php?rest_route=%2Fwp%2Fv2%2Fcomments&post=15"}],"version-history":[{"count":4,"href":"https:\/\/missioncelte.fr\/index.php?rest_route=\/wp\/v2\/pages\/15\/revisions"}],"predecessor-version":[{"id":345,"href":"https:\/\/missioncelte.fr\/index.php?rest_route=\/wp\/v2\/pages\/15\/revisions\/345"}],"wp:attachment":[{"href":"https:\/\/missioncelte.fr\/index.php?rest_route=%2Fwp%2Fv2%2Fmedia&parent=15"}],"curies":[{"name":"wp","href":"https:\/\/api.w.org\/{rel}","templated":true}]}}